{"id":2,"date":"2019-06-16T15:39:30","date_gmt":"2019-06-16T13:39:30","guid":{"rendered":"https:\/\/holgerundjuliette.de\/?page_id=2"},"modified":"2020-11-16T21:24:00","modified_gmt":"2020-11-16T20:24:00","slug":"faq","status":"publish","type":"page","link":"https:\/\/holgerundjuliette.de\/index.php\/faq\/","title":{"rendered":"Frequently Asked Questions"},"content":{"rendered":"\n<p>Hier eine Liste der h\u00e4ufigsten Fragen die uns erreicht haben. Die Liste wird kontinuierlich erg\u00e4nzt. <\/p>\n\n\n\n<h2>No GOs<\/h2>\n\n\n\n<p>Brautentf\u00fchrungen sind untersagt und werden nicht toleriert. <\/p>\n\n\n\n<p><\/p>\n\n\n\n<h2>Gaderobe<\/h2>\n\n\n\n<p><strong>Wie ist der Dresscode?<\/strong><\/p>\n\n\n\n<p>Sommerlich festlich bzw. summer chic. Beispiele gef\u00e4llig?<\/p>\n\n\n\n<ul><li>https:\/\/www.dresscode-guide.de\/feierliche-kleidung\/sommerlich-festlich.php<\/li><li>https:\/\/www.dresscode.de\/dresscodes\/summer-chic\/<\/li><\/ul>\n\n\n\n<h2>Geschenke<\/h2>\n\n\n\n<p><strong>Was kann ich dem Brautpaar schenken?<\/strong><\/p>\n\n\n\n<p>Nachdem das Brautpaar bereits zwei Haushalte zusammengelegt hat, sind sie mit den grunds\u00e4tzlichen Dingen gut versorgt. Wer uns eine Freude machen m\u00f6chte darf uns gerne eine Finanzspritze f\u00fcr den n\u00e4chsten Urlaub geben. Wer kein Geld schenken m\u00f6chte kann sich alternativ an unsere Eltern wenden, die Kontaktdaten finden sich auf der Einladungskarte. <\/p>\n\n\n\n<h2>Bilder<\/h2>\n\n\n\n<p><strong>Wo finden wir die Bilder vom Fotografen?<\/strong><\/p>\n\n\n\n<p>Unser Fotograf f\u00fcr die Hochzeit steht seit einiger Zeit fest, es wird <a rel=\"noreferrer noopener\" aria-label=\"Roland Pollczer (\u00f6ffnet in neuem Tab)\" href=\"https:\/\/www.rolandpolczer.de\/\" target=\"_blank\">Roland Polczer<\/a> sein. Wie ihr an die Bilder der Hochzeit kommt, werden wir zu gegebener Zeit ver\u00f6ffentlichen. <\/p>\n\n\n\n<p><strong>D\u00fcrfen wir w\u00e4hrend der Hochzeit Bilder machen?<\/strong><\/p>\n\n\n\n<p>Nat\u00fcrlich darf ihr auch w\u00e4hrend der Veranstaltung Bilder machen. Wir freuen uns im Nachhinein auf ungew\u00f6hliche Blickwinkel, die dem Fotografen verborgen geblieben sind. Jedoch m\u00f6chten wir euch in der Kirche darauf zu verzichten, um den Ablauf nicht zu st\u00f6ren und keine Unruhe zu verbreiten. <\/p>\n\n\n\n<h2>Datenschutz<\/h2>\n\n\n\n<p><strong>Werden bei den Feierlichkeiten Fotos aufgenommen?<\/strong><\/p>\n\n\n\n<p>Wer uns kennt wei\u00df sicher schon die Antwort &#8230; auf jeden Fall! Geplant haben wir einen Fotografen bei der Hochzeit der die Feierlichkeiten in Bildern oder Bildsequenzen festhalten wird. Die Bilder werden im Anschluss in Teilen oder im Ganzen den G\u00e4sten zur Verf\u00fcgung gestellt, sicherlich werden die Bilder auch in den sozialen Medien (WhatsApp, Facebook, Instagram, &#8230;) auftauchen und k\u00f6nnen vom Fotografen f\u00fcr eine Hochzeitsreportage auf seiner Homepage und ebenfalls in den sozialen Medien Verwendung finden. <\/p>\n","protected":false},"excerpt":{"rendered":"<p>Hier eine Liste der h\u00e4ufigsten Fragen die uns erreicht haben. Die Liste wird kontinuierlich erg\u00e4nzt. No GOs Brautentf\u00fchrungen sind untersagt und werden nicht toleriert. Gaderobe Wie ist der Dresscode? Sommerlich festlich bzw. summer chic. Beispiele gef\u00e4llig? https:\/\/www.dresscode-guide.de\/feierliche-kleidung\/sommerlich-festlich.php https:\/\/www.dresscode.de\/dresscodes\/summer-chic\/ Geschenke Was kann ich dem Brautpaar schenken? Nachdem das Brautpaar bereits zwei Haushalte zusammengelegt hat, sind sie [&hellip;]<\/p>\n","protected":false},"author":1,"featured_media":0,"parent":0,"menu_order":0,"comment_status":"closed","ping_status":"open","template":"","meta":{"_et_pb_use_builder":"","_et_pb_old_content":"","_et_gb_content_width":"2880"},"_links":{"self":[{"href":"https:\/\/holgerundjuliette.de\/index.php\/wp-json\/wp\/v2\/pages\/2"}],"collection":[{"href":"https:\/\/holgerundjuliette.de\/index.php\/wp-json\/wp\/v2\/pages"}],"about":[{"href":"https:\/\/holgerundjuliette.de\/index.php\/wp-json\/wp\/v2\/types\/page"}],"author":[{"embeddable":true,"href":"https:\/\/holgerundjuliette.de\/index.php\/wp-json\/wp\/v2\/users\/1"}],"replies":[{"embeddable":true,"href":"https:\/\/holgerundjuliette.de\/index.php\/wp-json\/wp\/v2\/comments?post=2"}],"version-history":[{"count":8,"href":"https:\/\/holgerundjuliette.de\/index.php\/wp-json\/wp\/v2\/pages\/2\/revisions"}],"predecessor-version":[{"id":74,"href":"https:\/\/holgerundjuliette.de\/index.php\/wp-json\/wp\/v2\/pages\/2\/revisions\/74"}],"wp:attachment":[{"href":"https:\/\/holgerundjuliette.de\/index.php\/wp-json\/wp\/v2\/media?parent=2"}],"curies":[{"name":"wp","href":"https:\/\/api.w.org\/{rel}","templated":true}]}}